. Let u(l) = 18*l - 109. Give u(t).
-1
Let n(d) = -11*d - 52. Suppose 0 = 125*f + 81*f + 1236. Give n(f).
14
Let f(p) = 239*p - 241*p + 5*p**2 - 2*p**2. Let y be f(1). Let o(l) = 6 - 8 - l + 8 - y. Calculate o(6).
-1
Suppose 3*q - 4*x - 22 = -2*x, 4*q - x - 21 = 0. Let m(r) be the third derivative of 0*r - 1/3*r**3 + 0 - 1/24*r**4 - 7*r**2. Calculate m(q).
-6
Let s(u) = 5*u - 3. Let f(z) = -221*z**2 - z + 2. Let m be f(-1). Let l = m + 222. Give s(l).
17
Let v(l) be the first derivative of -3*l**2/2 + 52*l - 905. What is v(18)?
-2
Let a(z) = 5*z**2 + 44*z - 4. Let k(c) = c**2 - 4*c - 86. Let f be k(-7). Calculate a(f).
5
Let v(k) = -3 + 4 + 6 - k**2 + k**3 - 2 - k. Suppose 3*t = 6*w - 2*w + 12, 12 = 4*w. Suppose -4*a - s + t = s, -2*a + 8 = 2*s. What is v(a)?
5
Let q(n) = -n**3 - 152*n**2 - 4098*n - 108. Let i be q(-35). Let r(y) be the third derivative of y**5/60 - y**3/2 - y**2. What is r(i)?
6
Suppose -55*x = -999 - 1036. Let o(f) = f**3 - 38*f**2 + 38*f - 47. Calculate o(x).
-10
Suppose -5*h = 4*u - 318, 69 = 5*u + h - 318. Let m = u - 75. Let d(q) = -q - 2. Determine d(m).
-4
Suppose -3 - 1 = -o. Let h(x) = -2*x - 2 - x**2 + 0*x + o. Suppose 17727*c = 17706*c - 84. Determine h(c).
-6
Let n = 68 + -65. Let d(z) be the third derivative of z**6/120 - z**5/20 - z**4/12 + 2*z**3/3 + 23*z**2 - 8. Determine d(n).
-2
Let l(m) = -4*m**2 - 3*m + 3. Let o(z) = 3*z**2 + 4*z - 3. Let w(q) = -2*l(q) - 3*o(q). Let t be (18/(-4))/((3/(-4))/(-1)). Let p be (t/5)/(29/145). Give w(p).
3
Let q(v) = -v**3 + 19*v**2 - 18*v - 8. Let x be q(18). Let y(o) = 3*o**2 + 25*o - 2. Let i be y(x). Let u(h) = h**2 + 9*h - 12. Give u(i).
-2
Let v(b) = -b**3 + 9*b**2 - 15*b + 60. Let x be v(8). Let g(t) = -11*t**2 + 6*t**2 + 4*t**2 - x*t - 1. Let w(i) = i - 11. Let y be w(8). Give g(y).
2
Let a(b) be the second derivative of b**4/12 + 5*b**3/3 + 5*b**2 + b. Let z be (66*13/117)/((-10)/15) - -4. Determine a(z).
-11
Let d be ((-3)/(-1))/(2/4). Suppose -6 = 3*l - 384. Let s(h) = h**3 - l + 6*h - 2*h + 133 - 7*h**2. Give s(d).
-5
Suppose 3*a - 4*x + 36 = 7*a, a = 2*x - 6. Let k(r) be the third derivative of 1/2*r**3 - 1/4*r**4 + 0 + 2*r**2 + 1/60*r**5 - 29*r. Determine k(a).
-5
Let t = -14600 + 14597. Let g(l) = 2*l**3 - l**2 + 11. Determine g(t).
-52
Let i(p) = 3274*p + 52384. Let k be i(-16). Let d(c) = -5*c**2 + 6*c - 3. Let z(q) = -6*q**2 + 7*q - 3. Let u(h) = 5*d(h) - 4*z(h). What is u(k)?
-3
Let c = 6176 + -6171. Let w(p) = 6*p**2 - 32*p + 4. Determine w(c).
-6
Let p(l) = -2*l**2 + 14*l - 6. Let t be p(-13). Let o = -524 - t. Let z(r) = -r**3 + r**2 - r + 2. Give z(o).
-4
Let t(s) = s**2 + 17*s + 16. Let n = -588 + 573. Calculate t(n).
-14
Let s be -6 - (0 + 2 - 2). Let o(z) = -3*z**3 - 5*z**2 + 3*z - 9. Let p(c) = 10*c**3 + 18*c**2 - 8*c + 29. Let y(r) = 13*o(r) + 4*p(r). Give y(s).
-7
Suppose 17*o + 70 = 3*o. Let b = o - -8. Let d(a) = -a**2 + a - 4. Determine d(b).
-10
Let a = 346 + -310. Suppose -212*i + 208*i = a. Let d(x) = 6 + 3 + 0 + 9*x**2 + x**3 + 2*x. Give d(i).
-9
Let h(s) = 152*s - 1. Let g be h(0). Let o(c) = -19*c**3 + c. Calculate o(g).
18
Let q(l) = -6*l**2 + 4*l - 1. Let m(c) = -4*c**2 - 6*c + 13. Let y(s) = -m(s) + q(s). Give y(4).
-6
Let g(c) = 52*c + 63*c + 59*c - 177*c. Let h(m) = -m**3 + 3*m**2 - 3*m + 1. Let b be h(2). Calculate g(b).
3
Let v be (-12)/90 + 1 + (-1586)/30. Let q = v + 45. Let s(f) = -3*f + 9. Let r(n) = n - 4. Let b(d) = -5*r(d) - 2*s(d). Calculate b(q).
-5
Let c(m) = -m + 33. Let f(s) = 3*s - 167. Let r(g) = -11*c(g) - 2*f(g). Calculate r(11).
26
Suppose 0 = -2*h - 5*j - 12, 5*h - 2*j = 9*h + 24. Let a(o) = -3*o**2 + 5*o + 3. Let t(z) = z**2 - 1. Let x(q) = a(q) + 4*t(q). Give x(h).
5
Let m = 760 - 762. Let x be (-207)/(-63) - m/(-7). Let h(u) = u**2 - 6*u + 7. Determine h(x).
-2
Let y(z) = 5*z - 2. Let n be (-602)/(-15) - -7*(-8)/420. Let p = n - 41. Determine y(p).
-7
Let o(v) = v**3 - 7*v**2 + 7*v. Let m be o(6). Let i = m - -2. Let q(w) = -51 + w + 99 - 50. Calculate q(i).
6
Let x(r) = 2*r**2 - 7*r - 1. Suppose -2 = -2*z + 2*o, 0*z - 4*o = -3*z + 4. Let c(a) = -a**3 + 6*a**2 - a + 5. Let d be c(z). Determine x(d).
14
Let v = -11907 - -11888. Let d(t) = -t**2 - 19*t - 6. What is d(v)?
-6
Suppose -3*j - s + 19 + 8 = 0, -3*j + s + 21 = 0. Suppose -j*t + 2*t = -18. Let n(i) = 8*i**3 - 4*i - 1 - 6*i**3 - 3*i**2 + 0. What is n(t)?
14
Suppose -y - 89*y + 540 = -180*y. Let o(t) be the third derivative of -t**5/60 - t**4/6 + t**2. Give o(y).
-12
Let n(q) = -q + 4. Let m(w) = w**2 + 24*w. Let t = 185 - 104. Let h = t + -105. Let j be m(h). Give n(j).
4
Suppose 4*a - 139 = -3*m, -3*a + 77 = -a + 3*m. Let h = 18 + 4. Let t = h - a. Let z(s) = -s - 3. What is z(t)?
6
Suppose -4*n + 25 = 3*x, x = -4*n - 0*x + 19. Suppose 0 = a - n*a - 12. Let u(c) = 466 - c**2 + 3*c - 467 - 6*c. What is u(a)?
-5
Suppose -25 = 5*m - 5*h, -5*m - 4*h - 33 = -h. Let s = 1 - -2. Let r(t) = -10 - 5*t + s + 2*t + 2*t. What is r(m)?
-1
Let s(l) = -l + 12. Let o be s(3). Let n(d) = 2 - d + o + 2*d - 5. Give n(-6).
0
Let z(f) = 2*f - 5 - 3*f**2 + 4 - 3*f**3 + 2*f**2 - 4*f. Let d be z(-1). Let v(b) be the first derivative of b**4/4 - 3*b**2/2 - 2*b + 26. What is v(d)?
16
Let q(j) be the first derivative of j**3/3 + 5*j**2 - 4*j - 682. Calculate q(-11).
7
Suppose -u + 259 = -3*g + g, 0 = 2*g + 4. Let q = u - 263. Let k(z) = z**3 + 9*z**2 + 9*z + 3. Determine k(q).
-5
Let j(v) be the third derivative of 4/3*v**3 + 0*v + 0 + 3/8*v**4 - 158*v**2 + 1/60*v**5. Calculate j(-6).
-10
Suppose 140 = -92*u + 120*u. Let d(g) = 6*g**2 + 10*g + 30. Let s(t) = t**2 + 2*t + 6. Let o(a) = -2*d(a) + 11*s(a). What is o(u)?
-9
Let g be (8/(-4)*-5)/2. Let u(h) = 3*h**2 - 7*h - 1. Determine u(g).
39
Let l(p) = -p**3 - 6*p**2 + 9*p - 1. Let j be l(-7). Let k be (54/4 + 0)/(j/90). Let w be (-3)/4 - k/12. Let q(r) = -r**3 + 5*r**2 + 5*r + 5. Give q(w).
-1
Let v = 13184 + -13178. Let o(y) = 4*y - 16. Calculate o(v).
8
Let i(t) be the first derivative of t**7/840 - t**6/72 + t**4/12 + 20*t**3 + 43. Let g(z) be the third derivative of i(z). Give g(5).
2
Let f(j) be the third derivative of -1/120*j**6 - 1/4*j**4 + 0*j - 5/6*j**3 + 52*j**2 + 0 + 2/15*j**5. What is f(6)?
31
Let l = 629 - 627. Let z(h) = -7 + 9 - 4 + h**l. Calculate z(5).
23
Suppose -668*s + 637*s - 93 = 0. Let f(o) = 4*o**2 - o + 10. Calculate f(s).
49
Let d(r) be the first derivative of -r**3/2 + 5*r**2/2 - 9*r - 32. Let y(h) be the first derivative of d(h). Give y(2).
-1
Let y(m) be the first derivative of 3*m**5/20 - m**3/6 - 11*m + 17. Let l(o) be the first derivative of y(o). Determine l(-1).
-2
Let t(m) = -m**3 - 9*m**2 - 8*m - 11. Let r be 39528/(-3904) + 18/16. Determine t(r).
61
Let d(b) = -b**3 + 5*b**2 - 6*b + 6. Let u = 960 + -956. Calculate d(u).
-2
Let t(f) be the third derivative of f**4/24 - 7*f**2. Suppose -3*s + 11 - 5 = 0. Suppose 4*x - 3*n = -n, 2*n + 4 = s*x. Calculate t(x).
-2
Suppose -62*z - 1474 + 1288 = 0. Let m(l) = -5*l - 16. Calculate m(z).
-1
Let f(k) be the second derivative of -k**6/120 - k**5/10 + k**4/24 - k**3/6 + 169*k**2/2 - 91*k. Let g(d) be the first derivative of f(d). Calculate g(-3).
-31
Let g(r) = 40*r + 7. Let w be g(2). Let o = w - 82. Let t be o + (-8)/2 + 4. Let y(x) = -2*x + 2. Determine y(t).
-8
Let o be 2/10 + 16985/1075. Let k(f) = -f - 13. Give k(o).
-29
Let g(a) = -29*a + 12*a + 57*a - 25*a - 72. What is g(5)?
3
Let g(f) = f. Let n be 6/(-14) - 17/(-7). Suppose 0 = 3*t - 4*t + 3, n*u - 3*t = 1. Suppose d = -u*z + 29, -3*z + 5*z - 26 = -4*d. Give g(z).
5
Let y(s) = 0*s - 5*s - 16*s**3 + 7*s - 3*s**3 - s**2 - 1. Suppose 5*j + 94 = 99. Calculate y(j).
-19
Let y = 18 - 16. Suppose v - y*v + z = -3, 25 = -5*z. Let w(r) be the third derivative of -r**6/60 + r**5/20 + r**4/12 + r**3/6 - 15*r**2 + 2*r. Give w(v).
25
Let r(u) = -2*u**2 + 60*u + 2. Let y be r(30). Let a be (-3)/6*6 - 1 - y. Let f(g) = -3 - 3 - 2 - g. What is f(a)?
-2
Let n(x) = -13*x - 7. Let j be n(10). Let q = j - -204. Let l(p) = -19*p**3 - 65*p + 2 + q*p + p**2 - 1. Calculate l(-1).
19
Suppose -4*q = -85 + 25. Let n = q + -14. Let m(u) = 2*u - 394*u**3 - 2*u - 392*u**3 + 799*u**3 - u. Determine m(n).
12
Let p be (-2)/6 - 46/6. Let x be 46 - 8/((-88)/(-55)). Let f(g) = 34*g - 11 - 10*g**2 - x*g - 13*g**2 + 22*g**2. D